{"id":1961,"date":"2022-08-29T20:09:32","date_gmt":"2022-08-29T20:09:32","guid":{"rendered":"https:\/\/zspbierdzany.pl\/?page_id=1961"},"modified":"2022-08-29T20:09:32","modified_gmt":"2022-08-29T20:09:32","slug":"procedura-postepowania-z-chorym-dzieckiem-obowiazujaca-w-przedszkolu-w-bierdzanach","status":"publish","type":"page","link":"https:\/\/zspbierdzany.pl\/index.php\/procedura-postepowania-z-chorym-dzieckiem-obowiazujaca-w-przedszkolu-w-bierdzanach\/","title":{"rendered":"Procedura post\u0119powania z chorym dzieckiem obowi\u0105zuj\u0105ca w Przedszkolu w Bierdzanach"},"content":{"rendered":"<div><strong>1. Do przedszkola ucz\u0119szczaj\u0105 wy\u0142\u0105cznie zdrowe dzieci.<\/strong><\/div>\n<p><strong>2. W plac\u00f3wce nie stosuje si\u0119 \u017cadnych zabieg\u00f3w medycznych wobec wychowank\u00f3w oraz nie podaje si\u0119 lek\u00f3w z uwagi na brak profesjonalnej opieki medycznej.<br \/>\n3. W przypadku choroby zaka\u017anej dziecka, rodzice zobowi\u0105zani s\u0105 do powiadomienia o tym fakcie dyrektora lub nauczyciela, a po ka\u017cdej chorobie zaka\u017anej przedk\u0142ada si\u0119 za\u015bwiadczenie o zdolno\u015bci dziecka do ucz\u0119szczania do plac\u00f3wki.<br \/>\n4. Dyrektor lub nauczyciel umieszcza informacj\u0119 o zachorowaniu dziecka na chorob\u0119 zaka\u017an\u0105 na tablicy og\u0142osze\u0144.<br \/>\n5. Gdy dziecko jest chore i musi poczeka\u0107 na odbi\u00f3r przez rodzic\u00f3w w przedszkolu, nale\u017cy w przedszkolu:<br \/>\n&#8211; zapewni\u0107 dziecku zainteresowanie<br \/>\n&#8211; w miar\u0119 mo\u017cliwo\u015bci zapewni\u0107 izolacj\u0119 od pozosta\u0142ych dzieci,<br \/>\n&#8211; umo\u017cliwi\u0107 po\u0142o\u017cenie si\u0119 na le\u017caku i przykrycie, gdy dziecko komunikuje tak\u0105 potrzeb\u0119,<br \/>\n&#8211; zapewni\u0107 mo\u017cliwo\u015b\u0107 napicia si\u0119 \u015bwie\u017cej wody lub herbaty.<\/strong><\/p>\n","protected":false},"excerpt":{"rendered":"<p>1. Do przedszkola ucz\u0119szczaj\u0105 wy\u0142\u0105cznie zdrowe dzieci. 2. W plac\u00f3wce nie stosuje si\u0119 \u017cadnych zabieg\u00f3w medycznych wobec wychowank\u00f3w oraz nie podaje si\u0119 lek\u00f3w z uwagi na brak profesjonalnej opieki medycznej. 3. W przypadku choroby zaka\u017anej dziecka, rodzice zobowi\u0105zani s\u0105 do powiadomienia o tym fakcie dyrektora lub nauczyciela, a po ka\u017cdej chorobie zaka\u017anej przedk\u0142ada si\u0119 za\u015bwiadczenie &hellip; <\/p>\n<p class=\"link-more\"><a href=\"https:\/\/zspbierdzany.pl\/index.php\/procedura-postepowania-z-chorym-dzieckiem-obowiazujaca-w-przedszkolu-w-bierdzanach\/\" class=\"more-link\">Czytaj dalej<span class=\"screen-reader-text\"> Procedura post\u0119powania z chorym dzieckiem obowi\u0105zuj\u0105ca w Przedszkolu w Bierdzanach<\/span><\/a><\/p>\n","protected":false},"author":2,"featured_media":0,"parent":0,"menu_order":0,"comment_status":"closed","ping_status":"closed","template":"","meta":{"footnotes":""},"_links":{"self":[{"href":"https:\/\/zspbierdzany.pl\/index.php\/wp-json\/wp\/v2\/pages\/1961"}],"collection":[{"href":"https:\/\/zspbierdzany.pl\/index.php\/wp-json\/wp\/v2\/pages"}],"about":[{"href":"https:\/\/zspbierdzany.pl\/index.php\/wp-json\/wp\/v2\/types\/page"}],"author":[{"embeddable":true,"href":"https:\/\/zspbierdzany.pl\/index.php\/wp-json\/wp\/v2\/users\/2"}],"replies":[{"embeddable":true,"href":"https:\/\/zspbierdzany.pl\/index.php\/wp-json\/wp\/v2\/comments?post=1961"}],"version-history":[{"count":1,"href":"https:\/\/zspbierdzany.pl\/index.php\/wp-json\/wp\/v2\/pages\/1961\/revisions"}],"predecessor-version":[{"id":1962,"href":"https:\/\/zspbierdzany.pl\/index.php\/wp-json\/wp\/v2\/pages\/1961\/revisions\/1962"}],"wp:attachment":[{"href":"https:\/\/zspbierdzany.pl\/index.php\/wp-json\/wp\/v2\/media?parent=1961"}],"curies":[{"name":"wp","href":"https:\/\/api.w.org\/{rel}","templated":true}]}}