{"id":2033,"date":"2022-09-09T20:59:05","date_gmt":"2022-09-09T20:59:05","guid":{"rendered":"https:\/\/zspbierdzany.pl\/?page_id=2033"},"modified":"2026-04-20T08:49:12","modified_gmt":"2026-04-20T08:49:12","slug":"jadlospis-12-09-16-09-2022r","status":"publish","type":"page","link":"https:\/\/zspbierdzany.pl\/index.php\/jadlospis-12-09-16-09-2022r\/","title":{"rendered":"JAD\u0141OSPIS: 20.04 \u2013 24.04.2026 r."},"content":{"rendered":"<p><strong><u>PONIEDZIA\u0141EK <\/u>\u00a0\u00a0\u00a0\u00a0\u00a0\u00a0\u00a0\u00a0\u00a0\u00a0<\/strong><\/p>\n<p><u>\u015aniadanie:<\/u> Chleb pszenno-\u017cytni\u00a0 z mas\u0142em (1), pol\u0119dwica wieprzowa, og\u00f3rek zielony, pomidorki, papryka czerwona, szczypiorek, herbata z cytryn\u0105<\/p>\n<p><u>II \u2013 \u015bniadanie<\/u>: banan, orzechy nerkowca<\/p>\n<p><u>Obiad<\/u>: Zupa og\u00f3rkowa z ziemniakami zabielana (7) i (9), ry\u017c bia\u0142y, mus jab\u0142kowy, kompot wieloowocowy, marchewka do chrupania<\/p>\n<p><u>Podwieczorek:<\/u> Bu\u0142ka wroc\u0142awska z mas\u0142em (1), kie\u0142baski drobiowe (tarczy\u0144ski), jajko gotowane\u00a0(3), og\u00f3rek zielony, herbata melisa<\/p>\n<p><strong><u>WTOREK<\/u><\/strong><\/p>\n<p><u>\u015aniadanie<\/u>: Zupa mleczna- p\u0142atki kukurydziane z miodem (7), bu\u0142eczki ma\u015blane z mas\u0142em (1), serek \u015bmietankowy, powid\u0142a \u015bliwkowe<\/p>\n<p><u>II-\u015bniadanie<\/u>: kiwi, czekolada gorzka<\/p>\n<p><u>Obiad<\/u>: Zupa fasolowa (9), pulpety w sosie koperkowym, ziemniaki, s\u0142upek og\u00f3rka kiszonego, kompot z czarnej porzeczki, jab\u0142ko<\/p>\n<p><u>Podwieczorek<\/u>: Sur\u00f3wka z marchewki i jab\u0142ek, rodzynki, ananas, ciastko owsiane<\/p>\n<p><strong><u>\u015aRODA<\/u>\u00a0\u00a0\u00a0\u00a0\u00a0\u00a0\u00a0\u00a0\u00a0 <\/strong><\/p>\n<p><u>\u015aniadanie<\/u>: Bu\u0142ka wroc\u0142awska z mas\u0142em (1), par\u00f3wka drobiowa na gor\u0105co, og\u00f3rek zielony, rzodkiewka, sa\u0142ata, pomidorki, papryka czerwona, szczypiorek, kawa zbo\u017cowa z mlekiem (7)<\/p>\n<p><u>II-\u015bniadanie<\/u>: banan, \u017curawina<\/p>\n<p><u>Obiad<\/u>: Zupa jarzynowa z ziemniakami zabielana (7) i (9), spaghetti (makaron \u015bwiderki, sos bolognese), kompot wieloowocowy, gruszka<\/p>\n<p><u>Podwieczorek:<\/u>\u00a0 Ciasto biszkoptowe z owocami z galaretk\u0105 (truskawki), herbata z cytryn\u0105<\/p>\n<p><strong><u>CZWARTEK<\/u><\/strong><\/p>\n<p><u>\u015aniadanie<\/u>: Chleb s\u0142onecznikowy (1), szynka drobiowa, ser \u017c\u00f3\u0142ty (7), og\u00f3rek zielony, papryka czerwona, pomidor, rzodkiewka, kakao (7)<\/p>\n<p><u>II-\u015bniadanie<\/u>: kiwi<\/p>\n<p><u>Obiad<\/u>: Ros\u00f3\u0142 z makaronem (9), kotlet drobiowy w sezamie, ziemniaki z koperkiem, bukiet warzyw na parze (kalafior, marchewka, broku\u0142), kompot wieloowocowy, mandarynka<\/p>\n<p><u>Podwieczorek<\/u>: Grzanki z mas\u0142em zio\u0142owym, herbata malinowo-\u017curawinowa, jab\u0142ko, marchewka do chrupania<\/p>\n<p><strong><u>PI\u0104TEK<\/u><\/strong><\/p>\n<p><u>\u015aniadanie<\/u>: \u00a0Bu\u0142ka wroc\u0142awska z mas\u0142em (1), filet z makreli w pomidorze, og\u00f3rek zielony i kiszony, papryka czerwona, pomidorki, kawa zbo\u017cowa z mlekiem<\/p>\n<p><u>II-\u015bniadanie<\/u>: orzechy nerkowca, czekolada gorzka<\/p>\n<p><u>Obiad<\/u>: Barszcz czerwony z ziemniakami zabielany (7) i (9), pierogi ruskie z t\u0142uszczykiem i z cebulk\u0105, jogurt naturalny, kompot jagodowy, gruszka<\/p>\n<p><u>Podwieczorek:<\/u> Cha\u0142ka ma\u015blana z mas\u0142em (1), kakao (7), kiwi<\/p>\n<p>&nbsp;<\/p>\n<p>SPORZ\u0104DZI\u0141A:\u00a0\u00a0\u00a0\u00a0\u00a0\u00a0\u00a0\u00a0\u00a0\u00a0\u00a0\u00a0\u00a0\u00a0\u00a0\u00a0\u00a0\u00a0\u00a0\u00a0\u00a0\u00a0\u00a0\u00a0\u00a0\u00a0\u00a0\u00a0\u00a0\u00a0\u00a0\u00a0\u00a0\u00a0\u00a0\u00a0\u00a0\u00a0\u00a0\u00a0\u00a0\u00a0\u00a0 ZATWIERDZI\u0141A:<\/p>\n<p>Intendent\u00a0 \u00a0 \u00a0 \u00a0 \u00a0 \u00a0 \u00a0 \u00a0 \u00a0 \u00a0 \u00a0 \u00a0 \u00a0 \u00a0 \u00a0 \u00a0 \u00a0 \u00a0 \u00a0 \u00a0 \u00a0 \u00a0 \u00a0 \u00a0 \u00a0 \u00a0 \u00a0 \u00a0 \u00a0Dyrektor ZSP<\/p>\n<p>&nbsp;<\/p>\n<p class=\"Standard\">Jad\u0142ospis mo\u017ce ulec zmianie<\/p>\n","protected":false},"excerpt":{"rendered":"<p>PONIEDZIA\u0141EK \u00a0\u00a0\u00a0\u00a0\u00a0\u00a0\u00a0\u00a0\u00a0\u00a0 \u015aniadanie: Chleb pszenno-\u017cytni\u00a0 z mas\u0142em (1), pol\u0119dwica wieprzowa, og\u00f3rek zielony, pomidorki, papryka czerwona, szczypiorek, herbata z cytryn\u0105 II \u2013 \u015bniadanie: banan, orzechy nerkowca Obiad: Zupa og\u00f3rkowa z ziemniakami zabielana (7) i (9), ry\u017c bia\u0142y, mus jab\u0142kowy, kompot wieloowocowy, marchewka do chrupania Podwieczorek: Bu\u0142ka wroc\u0142awska z mas\u0142em (1), kie\u0142baski drobiowe (tarczy\u0144ski), jajko gotowane\u00a0(3), og\u00f3rek &hellip; <\/p>\n<p class=\"link-more\"><a href=\"https:\/\/zspbierdzany.pl\/index.php\/jadlospis-12-09-16-09-2022r\/\" class=\"more-link\">Czytaj dalej<span class=\"screen-reader-text\"> JAD\u0141OSPIS: 20.04 \u2013 24.04.2026 r.<\/span><\/a><\/p>\n","protected":false},"author":2,"featured_media":0,"parent":0,"menu_order":0,"comment_status":"closed","ping_status":"closed","template":"","meta":{"footnotes":""},"_links":{"self":[{"href":"https:\/\/zspbierdzany.pl\/index.php\/wp-json\/wp\/v2\/pages\/2033"}],"collection":[{"href":"https:\/\/zspbierdzany.pl\/index.php\/wp-json\/wp\/v2\/pages"}],"about":[{"href":"https:\/\/zspbierdzany.pl\/index.php\/wp-json\/wp\/v2\/types\/page"}],"author":[{"embeddable":true,"href":"https:\/\/zspbierdzany.pl\/index.php\/wp-json\/wp\/v2\/users\/2"}],"replies":[{"embeddable":true,"href":"https:\/\/zspbierdzany.pl\/index.php\/wp-json\/wp\/v2\/comments?post=2033"}],"version-history":[{"count":41,"href":"https:\/\/zspbierdzany.pl\/index.php\/wp-json\/wp\/v2\/pages\/2033\/revisions"}],"predecessor-version":[{"id":4979,"href":"https:\/\/zspbierdzany.pl\/index.php\/wp-json\/wp\/v2\/pages\/2033\/revisions\/4979"}],"wp:attachment":[{"href":"https:\/\/zspbierdzany.pl\/index.php\/wp-json\/wp\/v2\/media?parent=2033"}],"curies":[{"name":"wp","href":"https:\/\/api.w.org\/{rel}","templated":true}]}}