{"id":2268,"date":"2022-11-04T17:14:22","date_gmt":"2022-11-04T17:14:22","guid":{"rendered":"https:\/\/zspbierdzany.pl\/?page_id=2268"},"modified":"2023-01-27T15:14:56","modified_gmt":"2023-01-27T15:14:56","slug":"friends-about-friends","status":"publish","type":"page","link":"https:\/\/zspbierdzany.pl\/index.php\/friends-about-friends\/","title":{"rendered":"Friends about friends"},"content":{"rendered":"<p><img loading=\"lazy\" decoding=\"async\" class=\"size-medium wp-image-2276 alignright\" src=\"https:\/\/zspbierdzany.pl\/wp-content\/uploads\/2022\/11\/LOGO-FF-247x300.png\" alt=\"\" width=\"247\" height=\"300\" srcset=\"https:\/\/zspbierdzany.pl\/wp-content\/uploads\/2022\/11\/LOGO-FF-247x300.png 247w, https:\/\/zspbierdzany.pl\/wp-content\/uploads\/2022\/11\/LOGO-FF-842x1024.png 842w, https:\/\/zspbierdzany.pl\/wp-content\/uploads\/2022\/11\/LOGO-FF-768x934.png 768w, https:\/\/zspbierdzany.pl\/wp-content\/uploads\/2022\/11\/LOGO-FF-1263x1536.png 1263w, https:\/\/zspbierdzany.pl\/wp-content\/uploads\/2022\/11\/LOGO-FF.png 1445w\" sizes=\"(max-width: 247px) 100vw, 247px\" \/>Projekt &#8222;Friends about friends&#8221; realizowany jest w ramach Programu Polsko-Ameryka\u0144skiej Fundacji Wolno\u015bci ENGLISH TEACHING, kt\u00f3rego krajowym operatorem jest Nidzicka Fundacja Rozwoju NIDA.<br \/>\nS\u0105 to zaj\u0119cia prowadzone w j\u0119zyku angielskim, kt\u00f3rych tematem przewodnim s\u0105 zwierz\u0119ta zagro\u017cone wygini\u0119ciem na \u015bwiecie. Dzi\u0119ki przyjacio\u0142om z zagranicy poznajemy sytuacj\u0119 naszych przyjaci\u00f3\u0142-zwierz\u0105t w innych miejscach na Ziemi. W ka\u017cdy pi\u0105tek po lekcjach wszyscy uczniowie klas 3-4 wsp\u00f3lnie poruszaj\u0105 tematy zwi\u0105zane z przyrod\u0105, ekologi\u0105, zmianami klimatycznymi. Raz w miesi\u0105cu odbywa si\u0119 spotkanie online lub stacjonarnie z <span style=\"color: #ff0000;\">wolontariuszami z r\u00f3\u017cnych pa\u0144stw<\/span> w celu poznania ich oraz przedstawienia si\u0119, uzyskania informacji sk\u0105d s\u0105 oraz jakie zwierz\u0119ta w ich kraju s\u0105 <span style=\"color: #ff0000;\">zagro\u017cone wygini\u0119ciem<\/span> oraz <span style=\"color: #ff0000;\">obj\u0119te ochron\u0105<\/span>. Raz w miesi\u0105cu zaj\u0119cia po\u015bwi\u0119cone s\u0105 tematom poruszanym przez pozarz\u0105dow\u0105, ekologiczn\u0105 <span style=\"color: #ff0000;\">organizacj\u0119 WWF.\u00a0<span style=\"color: #000000;\">Uczniowie zaprojektuj\u0105 w\u0142asne logo projektu oraz b\u0119d\u0105 pracowa\u0107 na materia\u0142ach zakupionych do jego realizacji takich jak magazyn National Geographic Kids and Little Kids, ksi\u0105\u017cki przyrodnicze dla dzieci w j\u0119zyku angielskim, czy atlasy. Aby dobrze pozna\u0107 polskie zwierz\u0119ta zagro\u017cone wygini\u0119ciem oraz b\u0119d\u0105ce pod ochron\u0105, uczestnicy projektu wybior\u0105 si\u0119 na wycieczki do dw\u00f3ch r\u00f3\u017cnych nadle\u015bnictw, a na zako\u0144czenie projektu &#8211; do ogrodu zoologicznego.\u00a0<\/span><\/span><\/p>\n<ol>\n<li><a href=\"https:\/\/zspbierdzany.pl\/?page_id=2280&amp;preview=true\">09.09.2022 LESSON WITH MARIN<\/a><\/li>\n<li><a href=\"https:\/\/zspbierdzany.pl\/index.php\/continents-and-animals\/\">16.09.2022 CONTINENTS AND ANIMALS &#8211; GROUP WORK<\/a><\/li>\n<li><a href=\"https:\/\/zspbierdzany.pl\/?page_id=2305&amp;preview=true\">23.09.2022 LAPBOOK ABOUT ANIMALS AND SONG<\/a><\/li>\n<li><a href=\"https:\/\/zspbierdzany.pl\/?page_id=2314&amp;preview=true\">07.10.2022 ONLINE LESSON WITH IVANA<\/a><\/li>\n<li><a href=\"https:\/\/zspbierdzany.pl\/index.php\/2022\/10\/24\/wycieczka-do-nadlesnictwa-opole\/\">18.10.2022 TRIP TO NADLE\u015aNICTWO OPOLE<\/a><\/li>\n<li>21.10.2022 TRIP SUMMARY \u21d1<\/li>\n<li>28.10.2022 PROJECT\u00a0 &#8211; DICTIONARY<\/li>\n<li><a href=\"https:\/\/zspbierdzany.pl\/?page_id=2334&amp;preview=true\">04.11.2022 TIGERS &#8211; WWF LESSON<\/a><\/li>\n<li><a href=\"https:\/\/zspbierdzany.pl\/index.php\/national-geographic-kids\/\" target=\"_blank\" rel=\"noopener\">18.11.2022 NATIONAL GEOGRAPHIC<\/a><\/li>\n<li><a href=\"https:\/\/zspbierdzany.pl\/?page_id=2627&amp;preview=true\" target=\"_blank\" rel=\"noopener\">02.12.2022 VIETNAM PRESENTATION<\/a><\/li>\n<li><a href=\"https:\/\/zspbierdzany.pl\/?page_id=2750&amp;preview=true\" target=\"_blank\" rel=\"noopener\">09.12.2022 ENDANGERED ANIMALS IN ITALY AND THE USA<\/a><\/li>\n<li><a href=\"https:\/\/zspbierdzany.pl\/?page_id=2903&amp;preview=true\">20.01.2023 HANOI PRESENTATION<\/a><\/li>\n<li><a href=\"https:\/\/zspbierdzany.pl\/?page_id=2937&amp;preview=true\">27.01.2023 LET&#8217;S PLAY AND LEARN<\/a><\/li>\n<\/ol>\n","protected":false},"excerpt":{"rendered":"<p>Projekt &#8222;Friends about friends&#8221; realizowany jest w ramach Programu Polsko-Ameryka\u0144skiej Fundacji Wolno\u015bci ENGLISH TEACHING, kt\u00f3rego krajowym operatorem jest Nidzicka Fundacja Rozwoju NIDA. S\u0105 to zaj\u0119cia prowadzone w j\u0119zyku angielskim, kt\u00f3rych tematem przewodnim s\u0105 zwierz\u0119ta zagro\u017cone wygini\u0119ciem na \u015bwiecie. Dzi\u0119ki przyjacio\u0142om z zagranicy poznajemy sytuacj\u0119 naszych przyjaci\u00f3\u0142-zwierz\u0105t w innych miejscach na Ziemi. W ka\u017cdy pi\u0105tek po &hellip; <\/p>\n<p class=\"link-more\"><a href=\"https:\/\/zspbierdzany.pl\/index.php\/friends-about-friends\/\" class=\"more-link\">Czytaj dalej<span class=\"screen-reader-text\"> Friends about friends<\/span><\/a><\/p>\n","protected":false},"author":2,"featured_media":0,"parent":0,"menu_order":0,"comment_status":"closed","ping_status":"closed","template":"","meta":{"footnotes":""},"_links":{"self":[{"href":"https:\/\/zspbierdzany.pl\/index.php\/wp-json\/wp\/v2\/pages\/2268"}],"collection":[{"href":"https:\/\/zspbierdzany.pl\/index.php\/wp-json\/wp\/v2\/pages"}],"about":[{"href":"https:\/\/zspbierdzany.pl\/index.php\/wp-json\/wp\/v2\/types\/page"}],"author":[{"embeddable":true,"href":"https:\/\/zspbierdzany.pl\/index.php\/wp-json\/wp\/v2\/users\/2"}],"replies":[{"embeddable":true,"href":"https:\/\/zspbierdzany.pl\/index.php\/wp-json\/wp\/v2\/comments?post=2268"}],"version-history":[{"count":17,"href":"https:\/\/zspbierdzany.pl\/index.php\/wp-json\/wp\/v2\/pages\/2268\/revisions"}],"predecessor-version":[{"id":2947,"href":"https:\/\/zspbierdzany.pl\/index.php\/wp-json\/wp\/v2\/pages\/2268\/revisions\/2947"}],"wp:attachment":[{"href":"https:\/\/zspbierdzany.pl\/index.php\/wp-json\/wp\/v2\/media?parent=2268"}],"curies":[{"name":"wp","href":"https:\/\/api.w.org\/{rel}","templated":true}]}}